{"id":15,"date":"2022-06-27T09:21:43","date_gmt":"2022-06-27T06:21:43","guid":{"rendered":"http:\/\/vemar.com.tr\/?page_id=15"},"modified":"2023-03-02T08:37:34","modified_gmt":"2023-03-02T05:37:34","slug":"anasayfa","status":"publish","type":"page","link":"https:\/\/vemar.com.tr\/","title":{"rendered":"Anasayfa"},"content":{"rendered":"<p>[et_pb_section fb_built=&#8221;1&#8243; fullwidth=&#8221;on&#8221; next_background_color=&#8221;#242424&#8243; _builder_version=&#8221;4.4.1&#8243; bottom_divider_style=&#8221;ramp2&#8243; bottom_divider_height=&#8221;37px&#8221;][et_pb_fullwidth_slider show_cta_on_mobile=&#8221;off&#8221; show_image_video_mobile=&#8221;on&#8221; _builder_version=&#8221;4.4.1&#8243; header_line_height=&#8221;1.3em&#8221; hover_enabled=&#8221;0&#8243; auto=&#8221;on&#8221; auto_speed=&#8221;5000&#8243; auto_ignore_hover=&#8221;on&#8221;][et_pb_slide heading=&#8221;WHATSAPP CANLI DESTEK&#8221; button_text=&#8221;0505 840 56 25 &#8221; button_link=&#8221;https:\/\/api.whatsapp.com\/send?phone=905058405625&#8243; url_new_window=&#8221;on&#8221; image=&#8221;http:\/\/vemar.com.tr\/wp-content\/uploads\/2023\/03\/call.png&#8221; _builder_version=&#8221;4.4.1&#8243; background_color=&#8221;#ffffff&#8221; background_enable_color=&#8221;on&#8221; custom_button=&#8221;on&#8221; button_use_icon=&#8221;on&#8221; button_icon=&#8221;%%264%%&#8221; button_icon_color=&#8221;#0c71c3&#8243; text_orientation=&#8221;left&#8221; background_layout=&#8221;light&#8221; width=&#8221;100%&#8221; max_width=&#8221;100%&#8221; hover_transition_speed_curve=&#8221;ease-in&#8221; hover_enabled=&#8221;0&#8243; text_shadow_style=&#8221;preset1&#8243;]<\/p>\n<p>\u00a0T\u00fcm yedek par\u00e7a ihtiya\u00e7lar\u0131n\u0131zda CANLI DESTEK ile yan\u0131n\u0131zday\u0131z!<\/p>\n<p><strong>Whatsapp CANLI DESTEK<\/strong> ekibimiz par\u00e7a tespiti ve tedari\u011finde en h\u0131zl\u0131 \u015fekilde yan\u0131n\u0131zda!<\/p>\n<p>[\/et_pb_slide][et_pb_slide heading=&#8221;So\u011futma Grubu \u00dcr\u00fcnleri&#8221; image=&#8221;http:\/\/vemar.com.tr\/wp-content\/uploads\/2023\/02\/fan.png&#8221; _builder_version=&#8221;4.4.1&#8243; background_color=&#8221;#ffffff&#8221; background_enable_color=&#8221;on&#8221; background_layout=&#8221;light&#8221; width=&#8221;100%&#8221; max_width=&#8221;100%&#8221; hover_transition_speed_curve=&#8221;ease-in&#8221; hover_enabled=&#8221;0&#8243; button_link=&#8221;https:\/\/api.whatsapp.com\/send?phone=905058405625&#8243; button_text=&#8221;0505 840 56 25 &#8221; custom_button=&#8221;on&#8221; button_icon=&#8221;%%264%%&#8221; url_new_window=&#8221;on&#8221;]<\/p>\n<p>T\u00fcm marka ara\u00e7 ve modellere g\u00f6re fanlar, davlumbazlar, so\u011futma grubu \u00fcr\u00fcnleri Vemar&#8217;da!<\/p>\n<p>Hemen Aray\u0131n!<\/p>\n<p>[\/et_pb_slide][et_pb_slide heading=&#8221;Hyundai Yedek Par\u00e7alar&#8221; button_text=&#8221;0505 840 56 25 &#8221; image=&#8221;http:\/\/vemar.com.tr\/wp-content\/uploads\/2023\/02\/hyundailogo.png&#8221; _builder_version=&#8221;4.4.1&#8243; background_color=&#8221;#ffffff&#8221; background_enable_color=&#8221;on&#8221; background_layout=&#8221;light&#8221; hover_enabled=&#8221;0&#8243; text_shadow_style=&#8221;preset1&#8243; button_link=&#8221;https:\/\/api.whatsapp.com\/send?phone=905058405625&#8243; link_option_url_new_window=&#8221;on&#8221; custom_button=&#8221;on&#8221; button_icon=&#8221;%%264%%&#8221; url_new_window=&#8221;on&#8221;]<\/p>\n<p>Vemar, orijinal ve yan sanayi Hyundai yedek par\u00e7alarda, iddial\u0131 fiyatlarla hizmetinizde<\/p>\n<p>&nbsp;<\/p>\n<p>[\/et_pb_slide][et_pb_slide heading=&#8221;Ayd\u0131nlatma Grubu \u00dcr\u00fcnleri&#8221; image=&#8221;http:\/\/vemar.com.tr\/wp-content\/uploads\/2023\/02\/stop.png&#8221; _builder_version=&#8221;4.4.1&#8243; background_color=&#8221;#ffffff&#8221; background_enable_color=&#8221;on&#8221; background_layout=&#8221;light&#8221; width=&#8221;100%&#8221; max_width=&#8221;100%&#8221; hover_transition_speed_curve=&#8221;ease-in&#8221; hover_enabled=&#8221;0&#8243; button_link=&#8221;https:\/\/api.whatsapp.com\/send?phone=905058405625&#8243; button_text=&#8221;0505 840 56 25 &#8221; url_new_window=&#8221;on&#8221; custom_button=&#8221;on&#8221; button_icon=&#8221;%%264%%&#8221;]<\/p>\n<p>Orijinal ve Yan Sanayi Ayd\u0131nlatma Grubu \u00fcr\u00fcnleri Vemar&#8217;da!<\/p>\n<p>Farlar, Stoplar, Sinyaller, \u0130\u00e7 Ayd\u0131nlatmalar ve Di\u011ferleri.<\/p>\n<p>Hemen Aray\u0131n!<\/p>\n<p>[\/et_pb_slide][\/et_pb_fullwidth_slider][\/et_pb_section][et_pb_section fb_built=&#8221;1&#8243; _builder_version=&#8221;4.4.1&#8243; background_color=&#8221;#242424&#8243; custom_margin=&#8221;0px||0px||false|false&#8221; custom_padding=&#8221;0px||0px||false|false&#8221;][et_pb_row _builder_version=&#8221;4.4.1&#8243; custom_margin=&#8221;0px||0px||false|false&#8221; custom_padding=&#8221;0px||0px||false|false&#8221;][et_pb_column type=&#8221;4_4&#8243; _builder_version=&#8221;4.4.1&#8243;][et_pb_text _builder_version=&#8221;4.4.1&#8243; custom_margin=&#8221;5px||0px||false|false&#8221; custom_padding=&#8221;5px||0px||false|false&#8221;]<\/p>\n<h1 style=\"text-align: center;\"><span style=\"color: #ffffff;\">\u00dcR\u00dcN GRUPLARI<\/span><\/h1>\n<p>[\/et_pb_text][\/et_pb_column][\/et_pb_row][\/et_pb_section][et_pb_section fb_built=&#8221;1&#8243; _builder_version=&#8221;4.4.1&#8243; custom_margin=&#8221;0px||||false|false&#8221; custom_padding=&#8221;0px||||false|false&#8221;][et_pb_row column_structure=&#8221;1_4,1_4,1_4,1_4&#8243; _builder_version=&#8221;4.4.1&#8243; custom_margin=&#8221;0px||||false|false&#8221; custom_padding=&#8221;0px||||false|false&#8221;][et_pb_column type=&#8221;1_4&#8243; _builder_version=&#8221;4.4.1&#8243;][et_pb_image src=&#8221;http:\/\/vemar.com.tr\/wp-content\/uploads\/2023\/02\/235102B010-A.jpg&#8221; _builder_version=&#8221;4.4.1&#8243; custom_margin=&#8221;0px||0px||false|false&#8221; custom_padding=&#8221;0px||0px||false|false&#8221;][\/et_pb_image][et_pb_text _builder_version=&#8221;4.4.1&#8243; custom_margin=&#8221;0px||0px||false|false&#8221; custom_padding=&#8221;0px||0px||false|false&#8221;]<\/p>\n<h3 style=\"text-align: center;\"><strong>Motor \u00dcr\u00fcnleri<\/strong><\/h3>\n<p>[\/et_pb_text][\/et_pb_column][et_pb_column type=&#8221;1_4&#8243; _builder_version=&#8221;4.4.1&#8243;][et_pb_image src=&#8221;http:\/\/vemar.com.tr\/wp-content\/uploads\/2023\/02\/209102AD00-A.jpg&#8221; _builder_version=&#8221;4.4.1&#8243; custom_margin=&#8221;0px||0px||false|false&#8221; custom_padding=&#8221;0px||0px||false|false&#8221;][\/et_pb_image][et_pb_text _builder_version=&#8221;4.4.1&#8243; custom_margin=&#8221;0px||0px||false|false&#8221; custom_padding=&#8221;0px||0px||false|false&#8221;]<\/p>\n<h3 style=\"text-align: center;\"><strong>Contalar<\/strong><\/h3>\n<p>[\/et_pb_text][\/et_pb_column][et_pb_column type=&#8221;1_4&#8243; _builder_version=&#8221;4.4.1&#8243;][et_pb_image src=&#8221;http:\/\/vemar.com.tr\/wp-content\/uploads\/2023\/02\/86350D7600-C.jpg&#8221; _builder_version=&#8221;4.4.1&#8243; custom_margin=&#8221;0px||0px||false|false&#8221; custom_padding=&#8221;0px||0px||false|false&#8221;][\/et_pb_image][et_pb_text _builder_version=&#8221;4.4.1&#8243; custom_margin=&#8221;0px||0px||false|false&#8221; custom_padding=&#8221;0px||0px||false|false&#8221;]<\/p>\n<h3 style=\"text-align: center;\"><strong>Kaporta \u00dcr\u00fcnleri<\/strong><\/h3>\n<p>[\/et_pb_text][\/et_pb_column][et_pb_column type=&#8221;1_4&#8243; _builder_version=&#8221;4.4.1&#8243;][et_pb_image src=&#8221;http:\/\/vemar.com.tr\/wp-content\/uploads\/2023\/02\/FrenDiski.jpg&#8221; _builder_version=&#8221;4.4.1&#8243; custom_margin=&#8221;0px||0px||false|false&#8221; custom_padding=&#8221;0px||0px||false|false&#8221;][\/et_pb_image][et_pb_text _builder_version=&#8221;4.4.1&#8243; custom_margin=&#8221;0px||0px||false|false&#8221; custom_padding=&#8221;0px||0px||false|false&#8221;]<\/p>\n<h3 style=\"text-align: center;\"><strong>Fren \u00dcr\u00fcnleri<\/strong><\/h3>\n<p>[\/et_pb_text][\/et_pb_column][\/et_pb_row][et_pb_row column_structure=&#8221;1_4,1_4,1_4,1_4&#8243; _builder_version=&#8221;4.4.1&#8243; custom_margin=&#8221;0px||||false|false&#8221; custom_padding=&#8221;0px||||false|false&#8221;][et_pb_column type=&#8221;1_4&#8243; _builder_version=&#8221;4.4.1&#8243;][et_pb_image src=&#8221;http:\/\/vemar.com.tr\/wp-content\/uploads\/2023\/02\/25310A5800-B.jpg&#8221; _builder_version=&#8221;4.4.1&#8243; custom_margin=&#8221;0px||0px||false|false&#8221; custom_padding=&#8221;0px||0px||false|false&#8221;][\/et_pb_image][et_pb_text _builder_version=&#8221;4.4.1&#8243; custom_margin=&#8221;0px||0px||false|false&#8221; custom_padding=&#8221;0px||0px||false|false&#8221;]<\/p>\n<h3 style=\"text-align: center;\"><strong>So\u011futma \/ Is\u0131tma<\/strong><\/h3>\n<p>[\/et_pb_text][\/et_pb_column][et_pb_column type=&#8221;1_4&#8243; _builder_version=&#8221;4.4.1&#8243;][et_pb_image src=&#8221;http:\/\/vemar.com.tr\/wp-content\/uploads\/2023\/02\/AmortisorOn.jpg&#8221; _builder_version=&#8221;4.4.1&#8243; custom_margin=&#8221;0px||0px||false|false&#8221; custom_padding=&#8221;0px||0px||false|false&#8221;][\/et_pb_image][et_pb_text _builder_version=&#8221;4.4.1&#8243; custom_margin=&#8221;0px||0px||false|false&#8221; custom_padding=&#8221;0px||0px||false|false&#8221;]<\/p>\n<h3 style=\"text-align: center;\"><strong>S\u00fcspansiyon \u00dcr\u00fcnleri<\/strong><\/h3>\n<p>[\/et_pb_text][\/et_pb_column][et_pb_column type=&#8221;1_4&#8243; _builder_version=&#8221;4.4.1&#8243;][et_pb_image src=&#8221;http:\/\/vemar.com.tr\/wp-content\/uploads\/2023\/02\/561111R1009Y-A.jpg&#8221; _builder_version=&#8221;4.4.1&#8243; custom_margin=&#8221;0px||0px||false|false&#8221; custom_padding=&#8221;0px||0px||false|false&#8221;][\/et_pb_image][et_pb_text _builder_version=&#8221;4.4.1&#8243; custom_margin=&#8221;0px||0px||false|false&#8221; custom_padding=&#8221;0px||0px||false|false&#8221;]<\/p>\n<h3 style=\"text-align: center;\"><strong>Direksiyon \u00dcr\u00fcnleri<\/strong><\/h3>\n<p>[\/et_pb_text][\/et_pb_column][et_pb_column type=&#8221;1_4&#8243; _builder_version=&#8221;4.4.1&#8243;][et_pb_image src=&#8221;http:\/\/vemar.com.tr\/wp-content\/uploads\/2023\/02\/2631027200-A.jpg&#8221; _builder_version=&#8221;4.4.1&#8243; custom_margin=&#8221;0px||0px||false|false&#8221; custom_padding=&#8221;0px||0px||false|false&#8221;][\/et_pb_image][et_pb_text _builder_version=&#8221;4.4.1&#8243; custom_margin=&#8221;0px||0px||false|false&#8221; custom_padding=&#8221;0px||0px||false|false&#8221;]<\/p>\n<h3 style=\"text-align: center;\"><strong>Filtreler<\/strong><\/h3>\n<p>[\/et_pb_text][\/et_pb_column][\/et_pb_row][et_pb_row column_structure=&#8221;1_4,1_4,1_4,1_4&#8243; _builder_version=&#8221;4.4.1&#8243; custom_margin=&#8221;0px||||false|false&#8221; custom_padding=&#8221;0px||||false|false&#8221;][et_pb_column type=&#8221;1_4&#8243; _builder_version=&#8221;4.4.1&#8243;][et_pb_image src=&#8221;http:\/\/vemar.com.tr\/wp-content\/uploads\/2023\/02\/97250Q0120-A.jpg&#8221; _builder_version=&#8221;4.4.1&#8243; custom_margin=&#8221;0px||0px||false|false&#8221; custom_padding=&#8221;0px||0px||false|false&#8221;][\/et_pb_image][et_pb_text _builder_version=&#8221;4.4.1&#8243; custom_margin=&#8221;0px||0px||false|false&#8221; custom_padding=&#8221;0px||0px||false|false&#8221;]<\/p>\n<h3 style=\"text-align: center;\"><strong>Multimedya<\/strong><\/h3>\n<p>[\/et_pb_text][\/et_pb_column][et_pb_column type=&#8221;1_4&#8243; _builder_version=&#8221;4.4.1&#8243;][et_pb_image src=&#8221;http:\/\/vemar.com.tr\/wp-content\/uploads\/2023\/02\/876203X060-C.jpg&#8221; _builder_version=&#8221;4.4.1&#8243; custom_margin=&#8221;0px||0px||false|false&#8221; custom_padding=&#8221;0px||0px||false|false&#8221;][\/et_pb_image][et_pb_text _builder_version=&#8221;4.4.1&#8243; custom_margin=&#8221;0px||0px||false|false&#8221; custom_padding=&#8221;0px||0px||false|false&#8221;]<\/p>\n<h3 style=\"text-align: center;\"><strong>Aynalar<\/strong><\/h3>\n<p>[\/et_pb_text][\/et_pb_column][et_pb_column type=&#8221;1_4&#8243; _builder_version=&#8221;4.4.1&#8243;][et_pb_image src=&#8221;http:\/\/vemar.com.tr\/wp-content\/uploads\/2023\/02\/4130002702-B.jpg&#8221; _builder_version=&#8221;4.4.1&#8243; custom_margin=&#8221;0px||0px||false|false&#8221; custom_padding=&#8221;0px||0px||false|false&#8221;][\/et_pb_image][et_pb_text _builder_version=&#8221;4.4.1&#8243; custom_margin=&#8221;0px||0px||false|false&#8221; custom_padding=&#8221;0px||0px||false|false&#8221;]<\/p>\n<h3 style=\"text-align: center;\"><strong>Debriyaj \u00dcr\u00fcnleri<\/strong><\/h3>\n<p>[\/et_pb_text][\/et_pb_column][et_pb_column type=&#8221;1_4&#8243; _builder_version=&#8221;4.4.1&#8243;][et_pb_image src=&#8221;http:\/\/vemar.com.tr\/wp-content\/uploads\/2023\/02\/921022L000-C.jpg&#8221; _builder_version=&#8221;4.4.1&#8243; custom_margin=&#8221;0px||0px||false|false&#8221; custom_padding=&#8221;0px||0px||false|false&#8221;][\/et_pb_image][et_pb_text _builder_version=&#8221;4.4.1&#8243; custom_margin=&#8221;0px||0px||false|false&#8221; custom_padding=&#8221;0px||0px||false|false&#8221;]<\/p>\n<h3 style=\"text-align: center;\"><strong>Ayd\u0131nlatma<\/strong><\/h3>\n<p>[\/et_pb_text][\/et_pb_column][\/et_pb_row][\/et_pb_section][et_pb_section fb_built=&#8221;1&#8243; fullwidth=&#8221;on&#8221; _builder_version=&#8221;4.4.1&#8243; top_divider_style=&#8221;asymmetric2&#8243; top_divider_color=&#8221;#ffffff&#8221; top_divider_height=&#8221;80px&#8221; bottom_divider_style=&#8221;asymmetric2&#8243; bottom_divider_color=&#8221;#ffffff&#8221; bottom_divider_height=&#8221;44px&#8221;][et_pb_fullwidth_header title=&#8221;Onbinlerce \u00dcr\u00fcn \u00c7e\u015fidi&#8221; _builder_version=&#8221;4.4.1&#8243; background_color=&#8221;#00208a&#8221;]<\/p>\n<p>T\u00fcm T\u00fcrkiye&#8217;ye g\u00fcnl\u00fck \u00fcr\u00fcn \u00e7\u0131k\u0131\u015flar\u0131m\u0131zla, binlerce m\u00fc\u015fterimize hizmet veriyoruz. Onbinlerce yedek par\u00e7a \u00e7e\u015fidimizle, orijinal ve yan sanayi se\u00e7enekleriyle sekt\u00f6rde yer al\u0131yoruz. Yedek par\u00e7a ihtiya\u00e7lar\u0131n\u0131zda, uzman destek ekibimiz par\u00e7a tespitinde ve sonras\u0131nda size destekte bulunacakt\u0131r.<\/p>\n<p>[\/et_pb_fullwidth_header][\/et_pb_section][et_pb_section fb_built=&#8221;1&#8243; _builder_version=&#8221;4.4.1&#8243; custom_margin=&#8221;0px||0px||false|false&#8221; custom_padding=&#8221;0px||0px||false|false&#8221;][et_pb_row _builder_version=&#8221;4.4.1&#8243; custom_margin=&#8221;0px||0px||false|false&#8221; custom_padding=&#8221;||0px||false|false&#8221;][et_pb_column type=&#8221;4_4&#8243; _builder_version=&#8221;4.4.1&#8243;][et_pb_text _builder_version=&#8221;4.4.1&#8243; custom_margin=&#8221;||0px||false|false&#8221; custom_padding=&#8221;||0px||false|false&#8221;]<\/p>\n<h1 style=\"text-align: center;\"><strong>MARKALARIMIZ<\/strong><\/h1>\n<p>[\/et_pb_text][\/et_pb_column][\/et_pb_row][\/et_pb_section][et_pb_section fb_built=&#8221;1&#8243; _builder_version=&#8221;4.4.1&#8243; custom_margin=&#8221;0px||0px||false|false&#8221; custom_padding=&#8221;0px||0px||false|false&#8221;][et_pb_row _builder_version=&#8221;4.4.1&#8243;][et_pb_column type=&#8221;4_4&#8243; _builder_version=&#8221;4.4.1&#8243;][et_pb_gallery gallery_ids=&#8221;71,72,73,74,75,76,77,78,79,80,81,82,83,84,85,86,87,88,89,90,91,92,93,94,95,96,97,98,99,100,101,102,103,104,105,106,107,108,109,110,111,112,113,114,115,116,117,118,119,120,121,122,123,124,125,126,127,128,129,130,131,132,133,134,135,136,137,138,139,140,141,142,143,144,145,146,147,148,149,150,151,152,153,154,155,156,157,158,159,160,161,162,163,164,165,166,167,168,169,170,171,172,173,174,175,176,177,178,179,180,181,182,183,184,185,186,187,188,189,190,191,192,193,194,195,196,197,198,199,200,201,202,203,204,205,206,207,208,209,210,211,212,213,214,215,216,217,218,219,220,221,222&#8243; gallery_orderby=&#8221;rand&#8221; posts_number=&#8221;32&#8243; show_title_and_caption=&#8221;off&#8221; hover_icon=&#8221;%%323%%&#8221; _builder_version=&#8221;4.4.1&#8243; custom_margin=&#8221;0px||0px||false|false&#8221; custom_padding=&#8221;0px||0px||false|false&#8221;][\/et_pb_gallery][\/et_pb_column][\/et_pb_row][\/et_pb_section][et_pb_section fb_built=&#8221;1&#8243; specialty=&#8221;on&#8221; padding_top_bottom_link_1=&#8221;false&#8221; padding_top_bottom_link_2=&#8221;false&#8221; padding_left_right_link_1=&#8221;false&#8221; padding_left_right_link_2=&#8221;false&#8221; padding_top_1=&#8221;0px&#8221; padding_top_2=&#8221;0px&#8221; padding_bottom_1=&#8221;0px&#8221; padding_bottom_2=&#8221;0px&#8221; _builder_version=&#8221;4.4.1&#8243; custom_margin=&#8221;0px||||false|false&#8221; custom_padding=&#8221;0px||||false|false&#8221; bottom_divider_style=&#8221;curve2&#8243; bottom_divider_color=&#8221;#171717&#8243; bottom_divider_height=&#8221;175px&#8221;][et_pb_column type=&#8221;1_2&#8243; _builder_version=&#8221;3.25&#8243; custom_padding=&#8221;|||&#8221; custom_padding__hover=&#8221;|||&#8221;][et_pb_text _builder_version=&#8221;4.4.1&#8243; custom_margin=&#8221;0px||||false|false&#8221; custom_padding=&#8221;0px||||false|false&#8221;]<\/p>\n<p><strong>Whatsapp Canl\u0131 Destek<\/strong> ile arad\u0131\u011f\u0131n\u0131z par\u00e7alar\u0131n tespitinde, sipari\u015fin olu\u015fturulmas\u0131 ve sevkiyat\u0131nda sat\u0131\u015f destek uzmanlar\u0131m\u0131z yan\u0131n\u0131zda!<\/p>\n<p>Arac\u0131n\u0131z i\u00e7in ihtiyac\u0131n\u0131z olan t\u00fcm orijinal ve yan sanayi yedek par\u00e7alar, alternatif markalarla taraf\u0131n\u0131za sunulur. Fiyat ve performans olarak en iyi \u00fcr\u00fcnler uzman sat\u0131\u015f destek ekibimiz taraf\u0131ndan size bildirilir. Size sadece karar vermek kal\u0131r.<\/p>\n<p>T\u00fcm yedek par\u00e7alar, yetkili distrib\u00fct\u00f6rler ve \u00fcreticiler taraf\u0131ndan garantilidir. Tamam\u0131 h\u0131zl\u0131 kargo ile taraf\u0131n\u0131za g\u00f6nderilir.<\/p>\n<p>[\/et_pb_text][\/et_pb_column][et_pb_column type=&#8221;1_2&#8243; specialty_columns=&#8221;2&#8243; _builder_version=&#8221;3.25&#8243; custom_padding=&#8221;|||&#8221; custom_padding__hover=&#8221;|||&#8221;][et_pb_row_inner _builder_version=&#8221;4.4.1&#8243; custom_margin=&#8221;0px||||false|false&#8221; custom_padding=&#8221;0px||||false|false&#8221;][et_pb_column_inner saved_specialty_column_type=&#8221;1_2&#8243; _builder_version=&#8221;4.4.1&#8243;][et_pb_image src=&#8221;http:\/\/vemar.com.tr\/wp-content\/uploads\/2023\/02\/call-center-1.png&#8221; _builder_version=&#8221;4.4.1&#8243; custom_margin=&#8221;0px||0px||false|false&#8221; custom_padding=&#8221;0px||0px||false|false&#8221;][\/et_pb_image][\/et_pb_column_inner][\/et_pb_row_inner][\/et_pb_column][\/et_pb_section]<\/p>\n","protected":false},"excerpt":{"rendered":"<p>[et_pb_section fb_built=&#8221;1&#8243; fullwidth=&#8221;on&#8221; next_background_color=&#8221;#242424&#8243; _builder_version=&#8221;4.4.1&#8243; bottom_divider_style=&#8221;ramp2&#8243; bottom_divider_height=&#8221;37px&#8221;][et_pb_fullwidth_slider show_cta_on_mobile=&#8221;off&#8221; show_image_video_mobile=&#8221;on&#8221; _builder_version=&#8221;4.4.1&#8243; header_line_height=&#8221;1.3em&#8221; hover_enabled=&#8221;0&#8243; auto=&#8221;on&#8221; auto_speed=&#8221;5000&#8243; auto_ignore_hover=&#8221;on&#8221;][et_pb_slide heading=&#8221;WHATSAPP CANLI DESTEK&#8221; button_text=&#8221;0505 840 56 25 &#8221; button_link=&#8221;https:\/\/api.whatsapp.com\/send?phone=905058405625&#8243; url_new_window=&#8221;on&#8221; image=&#8221;http:\/\/vemar.com.tr\/wp-content\/uploads\/2023\/03\/call.png&#8221; _builder_version=&#8221;4.4.1&#8243; background_color=&#8221;#ffffff&#8221; background_enable_color=&#8221;on&#8221; custom_button=&#8221;on&#8221; button_use_icon=&#8221;on&#8221; button_icon=&#8221;%%264%%&#8221; button_icon_color=&#8221;#0c71c3&#8243; text_orientation=&#8221;left&#8221; background_layout=&#8221;light&#8221; width=&#8221;100%&#8221; max_width=&#8221;100%&#8221; hover_transition_speed_curve=&#8221;ease-in&#8221; hover_enabled=&#8221;0&#8243; text_shadow_style=&#8221;preset1&#8243;] \u00a0T\u00fcm yedek par\u00e7a ihtiya\u00e7lar\u0131n\u0131zda CANLI DESTEK ile yan\u0131n\u0131zday\u0131z! Whatsapp CANLI DESTEK ekibimiz par\u00e7a tespiti ve [&hellip;]<\/p>\n","protected":false},"author":1,"featured_media":0,"parent":0,"menu_order":0,"comment_status":"closed","ping_status":"closed","template":"","meta":{"_et_pb_use_builder":"on","_et_pb_old_content":"","_et_gb_content_width":"","footnotes":""},"class_list":["post-15","page","type-page","status-publish","hentry"],"_links":{"self":[{"href":"https:\/\/vemar.com.tr\/index.php\/wp-json\/wp\/v2\/pages\/15","targetHints":{"allow":["GET"]}}],"collection":[{"href":"https:\/\/vemar.com.tr\/index.php\/wp-json\/wp\/v2\/pages"}],"about":[{"href":"https:\/\/vemar.com.tr\/index.php\/wp-json\/wp\/v2\/types\/page"}],"author":[{"embeddable":true,"href":"https:\/\/vemar.com.tr\/index.php\/wp-json\/wp\/v2\/users\/1"}],"replies":[{"embeddable":true,"href":"https:\/\/vemar.com.tr\/index.php\/wp-json\/wp\/v2\/comments?post=15"}],"version-history":[{"count":69,"href":"https:\/\/vemar.com.tr\/index.php\/wp-json\/wp\/v2\/pages\/15\/revisions"}],"predecessor-version":[{"id":424,"href":"https:\/\/vemar.com.tr\/index.php\/wp-json\/wp\/v2\/pages\/15\/revisions\/424"}],"wp:attachment":[{"href":"https:\/\/vemar.com.tr\/index.php\/wp-json\/wp\/v2\/media?parent=15"}],"curies":[{"name":"wp","href":"https:\/\/api.w.org\/{rel}","templated":true}]}}